Calculate the remainder when 317 is divided by 23.
18
Calculate the remainder when 8057 is divided by 13.
10
What is the remainder when 267 is divided by 51?
12
Calculate the remainder when 135 is divided by 45.
0
What is the remainder when 5914 is divided by 169?
168
What is the remainder when 103 is divided by 28?
19
Calculate the remainder when 518 is divided by 26.
24
Calculate the remainder when 110 is divided by 62.
48
What is the remainder when 116 is divided by 9?
8
What is the remainder when 3008 is divided by 132?
104
What is the remainder when 610 is divided by 68?
66
Calculate the remainder when 4818 is divided by 241.
239
Calculate the remainder when 744 is divided by 196.
156
What is the remainder when 147 is divided by 15?
12
Calculate the remainder when 367 is divided by 25.
17
Calculate the remainder when 3586 is divided by 69.
67
What is the remainder when 217 is divided by 206?
11
Calculate the remainder when 1873 is divided by 3.
1
Calculate the remainder when 343 is divided by 108.
19
Calculate the remainder when 19501 is divided by 8.
5
Calculate the remainder when 6580 is divided by 122.
114
What is the remainder when 274 is divided by 93?
88
What is the remainder when 77 is divided by 27?
23
What is the remainder when 1914 is divided by 478?
2
What is the remainder when 9 is divided by 3?
0
Calculate the remainder when 183 is divided by 31.
28
What is the remainder when 257 is divided by 84?
5
What is the remainder when 143 is divided by 38?
29
What is the remainder when 2150 is divided by 24?
14
Calculate the remainder when 461 is divided by 8.
5
What is the remainder when 54 is divided by 7?
5
Calculate the remainder when 618 is divided by 24.
18
What is the remainder when 1378 is divided by 63?
55
Calculate the remainder when 540 is divided by 270.
0
Calculate the remainder when 161 is divided by 67.
27
Calculate the remainder when 694 is divided by 141.
130
Calculate the remainder when 607 is divided by 51.
46
What is the remainder when 50 is divided by 47?
3
What is the remainder when 45 is divided by 27?
18
What is the remainder when 626 is divided by 37?
34
What is the remainder when 3767 is divided by 39?
23
What is the remainder when 42 is divided by 6?
0
What is the remainder when 1213 is divided by 20?
13
What is the remainder when 257 is divided by 13?
10
What is the remainder when 49 is divided by 25?
24
Calculate the remainder when 110 is divided by 32.
14
Calculate the remainder when 861 is divided by 172.
1
What is the remainder when 178 is divided by 45?
43
What is the remainder when 55 is divided by 20?
15
Calculate the remainder when 377 is divided by 194.
183
What is the remainder when 9310 is divided by 620?
10
What is the remainder when 1602 is divided by 131?
30
Calculate the remainder when 771 is divided by 6.
3
What is the remainder when 75 is divided by 12?
3
Calculate the remainder when 110 is divided by 33.
11
What is the remainder when 100 is divided by 4?
0
What is the remainder when 8305 is divided by 2757?
34
What is the remainder when 35 is divided by 26?
9
What is the remainder when 4701 is divided by 41?
27
What is the remainder when 3291 is divided by 254?
243
Calculate the remainder when 28139 is divided by 263.
261
Calculate the remainder when 315 is divided by 29.
25
What is the remainder when 4510 is divided by 32?
30
What is the remainder when 24 is divided by 11?
2
What is the remainder when 26637 is divided by 144?
141
What is the remainder when 718 is divided by 28?
18
What is the remainder when 1778 is divided by 5?
3
Calculate the remainder when 79 is divided by 68.
11
What is the remainder when 2359 is divided by 91?
84
What is the remainder when 3780 is divided by 755?
5
What is the remainder when 15573 is divided by 3891?
9
Calculate the remainder when 806 is divided by 126.
50
What is the remainder when 340 is divided by 62?
30
Calculate the remainder when 481 is divided by 21.
19
Calculate the remainder when 493 is divided by 93.
28
What is the remainder when 576 is divided by 506?
70
What is the remainder when 500 is divided by 127?
119
Calculate the remainder when 93145 is divided by 183.
181
Calculate the remainder when 644 is divided by 73.
60
Calculate the remainder when 701 is divided by 16.
13
Calculate the remainder when 1135 is divided by 71.
70
What is the remainder when 9795 is divided by 2448?
3
What is the remainder when 73 is divided by 23?
4
What is the remainder when 53 is divided by 13?
1
Calculate the remainder when 439 is divided by 49.
47
Calculate the remainder when 3015 is divided by 17.
6
What is the remainder when 6205 is divided by 1545?
25
What is the remainder when 360 is divided by 19?
18
What is the remainder when 227 is divided by 57?
56
Calculate the remainder when 40 is divided by 11.
7
Calculate the remainder when 19 is divided by 19.
0
What is the remainder when 102 is divided by 28?
18
What is the remainder when 2781 is divided by 48?
45
What is the remainder when 2045 is divided by 89?
87
What is the remainder when 111 is divided by 61?
50
What is the remainder when 2256 is divided by 151?
142
Calculate the remainder when 838 is divided by 56.
54
Calculate the remainder when 677 is divided by 20.
17
What is the remainder when 86 is divided by 34?
18
What is the remainder when 128 is divided by 17?
9
What is the remainder when 2303 is divided by 154?
147
Calculate the remainder when 130 is divided by 20.
10
Calculate the remainder when 81 is divided by 17.
13
Calculate the remainder when 101 is divided by 21.
17
What is the remainder when 194 is divided by 14?
12
What is the remainder when 194 is divided by 13?
12
What is the remainder when 226 is divided by 53?
14
What is the remainder when 2012 is divided by 61?
60
Calculate the remainder when 9450 is divided by 137.
134
Calculate the remainder when 25971 is divided by 151.
150
What is the remainder when 10752 is divided by 45?
42
What is the remainder when 1426 is divided by 14?
12
Calculate the remainder when 511 is divided by 175.
161
What is the remainder when 274 is divided by 23?
21
What is the remainder when 497 is divided by 14?
7
What is the remainder when 105 is divided by 23?
13
Calculate the remainder when 2659 is divided by 20.
19
What is the remainder when 227 is divided by 4?
3
Calculate the remainder when 203 is divided by 12.
11
Calculate the remainder when 3527 is divided by 704.
7
What is the remainder when 4157 is divided by 52?
49
What is the remainder when 263 is divided by 89?
85
Calculate the remainder when 127 is divided by 46.
35
What is the remainder when 223 is divided by 26?
15
What is the remainder when 607 is divided by 47?
43
What is the remainder when 1309 is divided by 23?
21
What is the remainder when 529 is divided by 255?
19
Calculate the remainder when 267 is divided by 45.
42
Calculate the remainder when 2013 is divided by 53.
52
Calculate the remainder when 1939 is divided by 123.
94
What is the remainder when 416 is divided by 60?
56
Calculate the remainder when 1053 is divided by 1050.
3
What is the remainder when 89 is divided by 30?
29
Calculate the remainder when 579 is divided by 533.
46
What is the remainder when 124 is divided by 6?
4
What is the remainder when 4064 is divided by 290?
4
Calculate the remainder when 446 is divided by 18.
14
Calculate the remainder when 2318 is divided by 16.
14
What is the remainder when 625 is divided by 80?
65
What is the remainder when 296 is divided by 4?
0
What is the remainder when 774 is divided by 96?
6
What is the remainder when 767 is divided by 26?
13
Calculate the remainder when 3606 is divided by 1202.
0
Calculate the remainder when 2395 is divided by 113.
22
Calculate the remainder when 272 is divided by 136.
0
What is the remainder when 1448 is divided by 500?
448
Calculate the remainder when 100 is divided by 39.
22
Calculate the remainder when 66 is divided by 12.
6
Calculate the remainder when 327 is divided by 140.
47
Calculate the remainder when 134 is divided by 17.
15
What is the remainder when 108 is divided by 55?
53
Calculate the remainder when 428 is divided by 157.
114
What is the remainder when 294 is divided by 10?
4
Calculate the remainder when 476 is divided by 27.
17
